hen 2587015 is divided by 1293506?
3
What is the remainder when 44599551 is divided by 1001?
997
Calculate the remainder when 2912521 is divided by 35957.
4
Calculate the remainder when 21380929 is divided by 23783.
12
Calculate the remainder when 2664734 is divided by 1616.
1566
What is the remainder when 72638628 is divided by 633?
612
Calculate the remainder when 207052189 is divided by 16.
13
Calculate the remainder when 16646030 is divided by 8323007.
16
What is the remainder when 587038 is divided by 2126?
262
Calculate the remainder when 908185 is divided by 98.
19
What is the remainder when 2822 is divided by 1360?
102
What is the remainder when 43317229 is divided by 341?
340
Calculate the remainder when 875699 is divided by 291857.
128
What is the remainder when 213618 is divided by 4850?
218
What is the remainder when 75006 is divided by 2686?
2484
What is the remainder when 8753121 is divided by 182?
13
Calculate the remainder when 26074398 is divided by 275.
273
Calculate the remainder when 2700 is divided by 14.
12
Calculate the remainder when 70510 is divided by 2143.
1934
What is the remainder when 503909 is divided by 7403?
505
Calculate the remainder when 1355390 is divided by 32270.
50
Calculate the remainder when 560301 is divided by 560290.
11
Calculate the remainder when 39008834 is divided by 45.
44
Calculate the remainder when 8905392 is divided by 279.
270
What is the remainder when 9736285 is divided by 243?
4
Calculate the remainder when 36596088 is divided by 35.
18
What is the remainder when 57109163 is divided by 178?
177
Calculate the remainder when 5995298 is divided by 13.
10
What is the remainder when 2026877 is divided by 4?
1
Calculate the remainder when 42613958 is divided by 191.
139
Calculate the remainder when 1572433 is divided by 11151.
142
What is the remainder when 595539 is divided by 3676?
27
What is the remainder when 34821 is divided by 5176?
3765
What is the remainder when 55662366 is divided by 7?
4
Calculate the remainder when 1158482 is divided by 776.
690
What is the remainder when 72053167 is divided by 36026582?
3
What is the remainder when 3807811 is divided by 73227?
7
Calculate the remainder when 9546370 is divided by 26.
2
Calculate the remainder when 113702 is divided by 2584.
6
Calculate the remainder when 209319009 is divided by 846.
843
Calculate the remainder when 562453 is divided by 8271.
25
Calculate the remainder when 21691237 is divided by 241.
32
Calculate the remainder when 1669218 is divided by 3785.
33
What is the remainder when 1706688792 is divided by 19?
17
What is the remainder when 575249 is divided by 276?
65
Calculate the remainder when 362520644 is divided by 18.
14
Calculate the remainder when 135077 is divided by 67430.
217
What is the remainder when 115562 is divided by 2716?
1490
What is the remainder when 322320 is divided by 2776?
304
Calculate the remainder when 195365 is divided by 2714.
2671
What is the remainder when 162875 is divided by 70?
55
What is the remainder when 1299276 is divided by 36091?
0
Calculate the remainder when 5069399 is divided by 230427.
5
Calculate the remainder when 2712011 is divided by 7471.
38
Calculate the remainder when 1060005 is divided by 37850.
205
What is the remainder when 11835290 is divided by 3768?
2
Calculate the remainder when 25903 is divided by 127.
122
Calculate the remainder when 786559 is divided by 32773.
7
Calculate the remainder when 492136 is divided by 245986.
164
What is the remainder when 18160552 is divided by 1965?
22
What is the remainder when 364995 is divided by 26071?
1
Calculate the remainder when 398139 is divided by 962.
833
Calculate the remainder when 332745153 is divided by 1043.
1035
Calculate the remainder when 10736 is divided by 5303.
130
What is the remainder when 5299355 is divided by 1392?
11
Calculate the remainder when 40881774 is divided by 3785.
3774
What is the remainder when 17185 is divided by 16102?
1083
Calculate the remainder when 3717653 is divided by 619584.
149
Calculate the remainder when 154042441 is divided by 29.
9
Calculate the remainder when 1465717 is divided by 516.
277
Calculate the remainder when 741596 is divided by 17654.
128
What is the remainder when 96290563 is divided by 242?
215
What is the remainder when 773572739 is divided by 948?
947
What is the remainder when 9578666 is divided by 598663?
58
Calculate the remainder when 249175 is divided by 82995.
190
Calculate the remainder when 109693 is divided by 789.
22
Calculate the remainder when 6100778 is divided by 439.
434
What is the remainder when 144645 is divided by 20569?
662
Calculate the remainder when 148422 is divided by 5811.
3147
Calculate the remainder when 1314 is divided by 43.
24
What is the remainder when 5767157 is divided by 1441763?
105
Calculate the remainder when 14131585 is divided by 21.
13
Calculate the remainder when 4274638 is divided by 36.
34
Calculate the remainder when 27836 is divided by 3223.
2052
Calculate the remainder when 48692224 is divided by 25203.
28
What is the remainder when 73854 is divided by 535?
24
What is the remainder when 6796164 is divided by 185?
4
Calculate the remainder when 128209 is divided by 1337.
1194
What is the remainder when 14855540 is divided by 97?
87
What is the remainder when 240367 is divided by 1972?
1755
What is the remainder when 17414170 is divided by 92?
42
Calculate the remainder when 72147332 is divided by 291.
284
What is the remainder when 323722 is divided by 1534?
48
Calculate the remainder when 332082940 is divided by 19.
9
What is the remainder when 3749215 is divided by 159?
154
Calculate the remainder when 268979 is divided by 10341.
113
What is the remainder when 2262875 is divided by 13311?
5
What is the remainder when 5262231 is divided by 81?
66
What is the remainder when 293849 is divided by 14662?
609
Calculate the remainder when 260014 is divided by 28886.
40
Calculate the remainder when 965249635 is divided by 33.
31
Calculate the remainder when 770129214 is divided by 2691.
2688
Calculate the remainder when 23623756 is divided by 83.
47
Calculate the remainder when 1928085 is divided by 26055.
15
Calculate the remainder when 73029 is divided by 315.
264
Calculate the remainder when 314380 is divided by 28575.
55
Calculate the remainder when 10590036 is divided by 123.
105
What is the remainder when 116252917 is divided by 345?
337
What is the remainder when 1096884 is divided by 30466?
108
What is the remainder when 3421506 is divided by 13686?
6
Calculate the remainder when 7168 is divided by 668.
488
Calculate the remainder when 1394210 is divided by 1648.
2
What is the remainder when 318372 is divided by 1711?
126
Calculate the remainder when 197699 is divided by 32793.
941
Calculate the remainder when 2813337 is divided by 902.
901
What is the remainder when 12162022 is divided by 3681?
3679
Calculate the remainder when 366439 is divided by 2427.
2389
What is the remainder when 6896670 is divided by 4488?
3102
Calculate the remainder when 239476 is divided by 9080.
3396
Calculate the remainder when 1407682 is divided by 21273.
3664
What is the remainder when 33199 is divided by 8125?
699
What is the remainder when 180792 is divided by 45030?
672
What is the remainder when 94550 is divided by 44775?
5000
Calculate the remainder when 210800 is divided by 899.
434
What is the remainder when 715667 is divided by 3598?
3263
What is the remainder when 674877 is divided by 2451?
852
Calculate the remainder when 4868549 is divided by 1259.
1255
Calculate the remainder when 9120300 is divided by 1444.
1440
What is the remainder when 5815435 is divided by 38512?
123
Calculate the remainder when 274411 is divided by 45696.
235
Calculate the remainder when 105134 is divided by 12318.
6590
What is the remainder when 2537090 is divided by 1314?
1070
Calculate the remainder when 812719 is divided by 78.
37
Calculate the remainder when 39073325 is divided by 67.
64
What is the remainder when 16903397 is divided by 77?
49
Calculate the remainder when 16602603 is divided by 2108.
2103
What is the remainder when 2704076 is divided by 9905?
11
What is the remainder when 18127476 is divided by 2794?
4
Calculate the remainder whe